{"id":570,"date":"2025-11-10T08:42:48","date_gmt":"2025-11-10T08:42:48","guid":{"rendered":"https:\/\/mspurkersdorf.ac.at\/?page_id=570"},"modified":"2025-11-10T08:43:40","modified_gmt":"2025-11-10T08:43:40","slug":"unsere-schulpartnerschaft","status":"publish","type":"page","link":"https:\/\/mspurkersdorf.ac.at\/?page_id=570","title":{"rendered":"Unsere Schulpartnerschaft"},"content":{"rendered":"\n<h2 class=\"wp-block-heading\"><strong>Gelingende Elternarbeit an der Sch\u00f6ffelschule Purkersdorf<\/strong><\/h2>\n\n\n\n<p>Eine vertrauensvolle und aktive Zusammenarbeit zwischen Schule und Elternhaus ist ein wesentlicher Bestandteil unseres schulischen Erfolgs. An der <strong>Sch\u00f6ffelschule Purkersdorf<\/strong> pflegen wir eine offene, wertsch\u00e4tzende und kontinuierliche Kommunikation, die das Wohl der Kinder in den Mittelpunkt stellt. Durch regelm\u00e4\u00dfigen Austausch, gemeinsame Aktivit\u00e4ten und transparente Informationswege schaffen wir ein Lernumfeld, in dem sich Sch\u00fcler*innen bestm\u00f6glich entwickeln k\u00f6nnen.<\/p>\n\n\n\n<h3 class=\"wp-block-heading\"><strong>Gemeinsam stark: Die Kooperation mit dem Elternverein<\/strong><\/h3>\n\n\n\n<p>Ein besonderer Pfeiler unserer Elternarbeit ist die hervorragende Zusammenarbeit mit dem <strong>Elternverein<\/strong>. Dieser unterst\u00fctzt die Schule in vielf\u00e4ltiger Weise \u2013 organisatorisch, finanziell und durch pers\u00f6nliches Engagement der Eltern. Ob bei Schulveranstaltungen, Projekttagen, Workshops oder bei der Anschaffung zus\u00e4tzlicher Materialien: Der Elternverein tr\u00e4gt wesentlich dazu bei, das schulische Leben bunt, abwechslungsreich und f\u00f6rdernd zu gestalten.<\/p>\n\n\n\n<p>Gemeinsam gelingt es uns,<\/p>\n\n\n\n<ul class=\"wp-block-list\">\n<li>das soziale Miteinander zu st\u00e4rken,<\/li>\n\n\n\n<li>schulische Angebote zu erweitern,<\/li>\n\n\n\n<li>die Interessen der Eltern aktiv einzubeziehen und<\/li>\n\n\n\n<li>den Kindern ein positives, unterst\u00fctzendes Lernumfeld zu bieten.<\/li>\n<\/ul>\n\n\n\n<p>Die Sch\u00f6ffelschule Purkersdorf versteht Eltern als wertvolle Partnerinnen und Partner im Bildungsprozess. Durch die enge und konstruktive Zusammenarbeit zwischen Schule, Lehrkr\u00e4ften und Elternverein k\u00f6nnen wir jeden Tag aufs Neue zeigen, wie erfolgreich Bildung funktioniert, wenn alle an einem Strang ziehen.<\/p>\n","protected":false},"excerpt":{"rendered":"<p>Gelingende Elternarbeit an der Sch\u00f6ffelschule Purkersdorf Eine vertrauensvolle und aktive Zusammenarbeit zwischen Schule und Elternhaus ist ein wesentlicher Bestandteil unseres schulischen Erfolgs. An der Sch\u00f6ffelschule Purkersdorf pflegen wir eine offene, wertsch\u00e4tzende und kontinuierliche Kommunikation, die das Wohl der Kinder in den Mittelpunkt stellt. Durch regelm\u00e4\u00dfigen Austausch, gemeinsame Aktivit\u00e4ten und transparente Informationswege schaffen wir ein Lernumfeld, [&hellip;]<\/p>\n","protected":false},"author":1,"featured_media":0,"parent":0,"menu_order":0,"comment_status":"closed","ping_status":"closed","template":"","meta":{"footnotes":""},"class_list":["post-570","page","type-page","status-publish","hentry"],"_links":{"self":[{"href":"https:\/\/mspurkersdorf.ac.at\/index.php?rest_route=\/wp\/v2\/pages\/570","targetHints":{"allow":["GET"]}}],"collection":[{"href":"https:\/\/mspurkersdorf.ac.at\/index.php?rest_route=\/wp\/v2\/pages"}],"about":[{"href":"https:\/\/mspurkersdorf.ac.at\/index.php?rest_route=\/wp\/v2\/types\/page"}],"author":[{"embeddable":true,"href":"https:\/\/mspurkersdorf.ac.at\/index.php?rest_route=\/wp\/v2\/users\/1"}],"replies":[{"embeddable":true,"href":"https:\/\/mspurkersdorf.ac.at\/index.php?rest_route=%2Fwp%2Fv2%2Fcomments&post=570"}],"version-history":[{"count":2,"href":"https:\/\/mspurkersdorf.ac.at\/index.php?rest_route=\/wp\/v2\/pages\/570\/revisions"}],"predecessor-version":[{"id":573,"href":"https:\/\/mspurkersdorf.ac.at\/index.php?rest_route=\/wp\/v2\/pages\/570\/revisions\/573"}],"wp:attachment":[{"href":"https:\/\/mspurkersdorf.ac.at\/index.php?rest_route=%2Fwp%2Fv2%2Fmedia&parent=570"}],"curies":[{"name":"wp","href":"https:\/\/api.w.org\/{rel}","templated":true}]}}